is the greatest common divisor of 28138 and 88?
22
Calculate the highest common divisor of 1920 and 98160.
240
Calculate the greatest common factor of 89022 and 555.
111
What is the highest common factor of 273 and 31486?
91
Calculate the highest common divisor of 32752 and 132848.
368
What is the greatest common factor of 214338 and 54?
6
What is the greatest common factor of 44002 and 98?
98
Calculate the highest common divisor of 3090 and 1556330.
1030
What is the greatest common factor of 10442 and 163894?
454
What is the greatest common divisor of 4139460 and 39?
39
Calculate the greatest common divisor of 1514190 and 2550.
510
What is the greatest common divisor of 16 and 223472?
16
What is the highest common factor of 27 and 3879?
9
Calculate the highest common factor of 544 and 45458.
34
What is the greatest common divisor of 41 and 6735931?
41
Calculate the greatest common factor of 57 and 362577.
57
What is the greatest common factor of 181 and 134483?
181
What is the greatest common factor of 7870 and 734271?
787
Calculate the greatest common factor of 26 and 1781.
13
What is the highest common factor of 504471 and 66?
33
What is the greatest common factor of 68880 and 16?
16
Calculate the greatest common divisor of 164 and 136.
4
Calculate the greatest common divisor of 295280 and 3.
1
Calculate the highest common divisor of 4584 and 552.
24
What is the greatest common factor of 9731106 and 153?
153
What is the highest common factor of 1500 and 1740?
60
Calculate the highest common divisor of 29 and 34249.
29
What is the greatest common divisor of 219089 and 1976?
247
What is the greatest common divisor of 780 and 20540?
260
What is the greatest common divisor of 69215 and 33655?
635
Calculate the highest common factor of 46008 and 83496.
1704
What is the highest common factor of 45 and 308205?
45
Calculate the highest common factor of 806 and 3279211.
403
What is the greatest common factor of 538 and 271421?
269
Calculate the highest common factor of 79978 and 32.
2
What is the greatest common factor of 312 and 29576?
8
What is the highest common divisor of 24939 and 890469?
1467
Calculate the greatest common factor of 4407 and 72885.
339
Calculate the highest common divisor of 4632000 and 192.
192
What is the greatest common factor of 4438 and 98270?
634
Calculate the highest common divisor of 61315 and 40.
5
Calculate the greatest common factor of 95376 and 96.
48
Calculate the highest common divisor of 21790 and 110.
10
What is the highest common divisor of 18052389 and 1161?
1161
What is the greatest common divisor of 304 and 374464?
16
What is the greatest common divisor of 527 and 2666?
31
Calculate the greatest common divisor of 46326 and 280.
14
What is the highest common factor of 206205 and 466?
233
What is the greatest common divisor of 14 and 304838?
2
Calculate the greatest common divisor of 42175 and 175.
175
Calculate the highest common divisor of 315 and 24276.
21
Calculate the highest common divisor of 54 and 1322478.
18
Calculate the highest common factor of 67824 and 1656.
72
What is the greatest common factor of 157896 and 476?
68
Calculate the highest common divisor of 8 and 911736.
8
Calculate the greatest common factor of 916 and 650131.
229
What is the greatest common factor of 11651849 and 11?
11
Calculate the greatest common divisor of 10496 and 41.
41
What is the highest common factor of 772 and 50373?
193
Calculate the highest common factor of 3315 and 4845.
255
What is the greatest common divisor of 21056 and 136?
8
Calculate the greatest common factor of 36 and 72126.
18
Calculate the highest common factor of 90564 and 12.
12
What is the highest common divisor of 2250 and 1935?
45
What is the greatest common divisor of 75038 and 136?
34
Calculate the highest common factor of 115 and 185.
5
Calculate the highest common factor of 2044 and 105704.
292
Calculate the greatest common divisor of 21209 and 2032.
127
What is the highest common factor of 156 and 66468?
12
What is the highest common factor of 1265 and 396?
11
What is the greatest common factor of 5673 and 3679886?
1891
Calculate the highest common factor of 1287 and 14652.
99
Calculate the highest common divisor of 602 and 9296.
14
What is the greatest common divisor of 6545 and 2329?
17
Calculate the greatest common divisor of 733 and 323986.
733
What is the greatest common factor of 180 and 123570?
90
Calculate the greatest common factor of 11440 and 3770.
130
Calculate the highest common factor of 198 and 874863.
99
What is the greatest common divisor of 184 and 1055700?
92
What is the highest common divisor of 28 and 193606?
14
Calculate the highest common divisor of 414 and 2206206.
414
What is the highest common factor of 12 and 3969?
3
Calculate the greatest common divisor of 37376 and 657.
73
Calculate the highest common factor of 61241 and 2397.
47
What is the greatest common factor of 85 and 698054?
17
Calculate the greatest common factor of 24 and 907832.
8
What is the highest common factor of 41344 and 476?
68
What is the highest common divisor of 695 and 104389?
139
What is the greatest common factor of 56 and 1952076?
28
What is the highest common divisor of 2219 and 36?
1
Calculate the greatest common factor of 905503 and 908.
227
Calculate the highest common divisor of 45912 and 72.
24
What is the greatest common divisor of 5446 and 1792?
14
Calculate the greatest common divisor of 1587 and 102626.
529
What is the highest common divisor of 771835 and 1015?
145
Calculate the greatest common divisor of 421429 and 1314.
73
What is the greatest common divisor of 267 and 945?
3
Calculate the greatest common divisor of 127542 and 696.
174
What is the greatest common divisor of 266 and 1134?
14
Calculate the highest common factor of 2 and 91666.
2
Calculate the highest common factor of 8401 and 225201.
271
Calculate the highest common divisor of 4365844 and 492.
164
What is the highest common factor of 342 and 178030?
38
Calculate the highest common divisor of 461535 and 30.
15
Calculate the highest common divisor of 15 and 38916.
3
Calculate the greatest common divisor of 335130 and 5.
5
Calculate the highest common divisor of 1702487 and 412.
103
What is the highest common divisor of 12 and 7070556?
12
What is the greatest common divisor of 7929667 and 17?
17
What is the greatest common factor of 77 and 156233?
77
What is the highest common factor of 2936 and 32?
8
What is the greatest common divisor of 2308 and 1311521?
577
What is the greatest common divisor of 72675 and 342?
171
What is the highest common factor of 1369 and 57387?
37
What is the highest common factor of 89 and 50018?
89
Calculate the highest common divisor of 4110 and 330.
30
Calculate the greatest common divisor of 8354242 and 884.
442
What is the greatest common factor of 331412 and 87?
29
Calculate the greatest common divisor of 222110 and 910.
70
What is the highest common factor of 372109 and 226?
113
What is the greatest common factor of 160 and 133?
1
Calculate the highest common divisor of 10 and 933915.
5
What is the highest common divisor of 1290 and 3053?
43
Calculate the highest common factor of 63 and 354669.
21
What is the greatest common factor of 444 and 39220?
148
What is the greatest common divisor of 13201 and 559?
43
What is the greatest common factor of 6612 and 957?
87
Calculate the highest common factor of 804 and 243813.
201
What is the highest common factor of 2390 and 400?
10
What is the greatest common divisor of 395 and 22199?
79
What is the greatest common factor of 724900 and 100?
100
Calculate the greatest common divisor of 896 and 392.
56
What is the greatest common divisor of 91110 and 180?
30
Calculate the greatest common factor of 124 and 350827.
31
Calculate the greatest common divisor of 26596 and 2318.
122
What is the greatest common factor of 315 and 12495?
105
Calculate the greatest common divisor of 3484 and 18224.
268
What is the highest common divisor of 117880 and 168?
56
Calculate the greatest common factor of 18359 and 935.
11
Calculate the greatest common factor of 382 and 69142.
382
What is the greatest common factor of 22812 and 2028?
12
Calculate the highest common factor of 203179 and 4084.
1021
What is the hi